{"id":18532,"date":"2024-10-17T13:18:56","date_gmt":"2024-10-17T13:18:56","guid":{"rendered":"https:\/\/reempresa.org\/reempresa\/bizbarcelona\/bizbarcelona-2013\/"},"modified":"2025-05-27T11:27:30","modified_gmt":"2025-05-27T11:27:30","slug":"bizbarcelona-2013","status":"publish","type":"page","link":"https:\/\/reempresa.org\/es\/reempresa\/bizbarcelona\/bizbarcelona-2013\/","title":{"rendered":"BizBarcelona 2013"},"content":{"rendered":"<p>[et_pb_section fb_built=\u00bb1&#8243; _builder_version=\u00bb4.27.0&#8243; _module_preset=\u00bbdefault\u00bb background_image=\u00bbhttps:\/\/provareempresa.org\/wp-content\/uploads\/2024\/10\/BizBarcelona-2013.png\u00bb custom_padding=\u00bb200px||200px||false|false\u00bb da_disable_devices=\u00bboff|off|off\u00bb global_colors_info=\u00bb{}\u00bb da_is_popup=\u00bboff\u00bb da_exit_intent=\u00bboff\u00bb da_has_close=\u00bbon\u00bb da_alt_close=\u00bboff\u00bb da_dark_close=\u00bboff\u00bb da_not_modal=\u00bbon\u00bb da_is_singular=\u00bboff\u00bb da_with_loader=\u00bboff\u00bb da_has_shadow=\u00bbon\u00bb][\/et_pb_section][et_pb_section fb_built=\u00bb1&#8243; _builder_version=\u00bb4.27.0&#8243; _module_preset=\u00bbdefault\u00bb da_disable_devices=\u00bboff|off|off\u00bb global_colors_info=\u00bb{}\u00bb da_is_popup=\u00bboff\u00bb da_exit_intent=\u00bboff\u00bb da_has_close=\u00bbon\u00bb da_alt_close=\u00bboff\u00bb da_dark_close=\u00bboff\u00bb da_not_modal=\u00bbon\u00bb da_is_singular=\u00bboff\u00bb da_with_loader=\u00bboff\u00bb da_has_shadow=\u00bbon\u00bb][et_pb_row column_structure=\u00bb1_2,1_2&#8243; _builder_version=\u00bb4.27.0&#8243; _module_preset=\u00bbdefault\u00bb global_colors_info=\u00bb{}\u00bb][et_pb_column type=\u00bb1_2&#8243; _builder_version=\u00bb4.27.0&#8243; _module_preset=\u00bbdefault\u00bb global_colors_info=\u00bb{}\u00bb][et_pb_heading title=\u00bbBizBarcelona 2013&#8243; _builder_version=\u00bb4.27.0&#8243; _module_preset=\u00bbdefault\u00bb title_font_size=\u00bb38px\u00bb global_colors_info=\u00bb{}\u00bb][\/et_pb_heading][\/et_pb_column][et_pb_column type=\u00bb1_2&#8243; _builder_version=\u00bb4.27.0&#8243; _module_preset=\u00bbdefault\u00bb global_colors_info=\u00bb{}\u00bb][et_pb_text _builder_version=\u00bb4.27.0&#8243; _module_preset=\u00bbdefault\u00bb text_font_size=\u00bb20px\u00bb global_colors_info=\u00bb{}\u00bb]<\/p>\n<p align=\"justify\" style=\"text-align: left;\">BizBarcelona convierte Barcelona en la capital del emprendimiento y en al cita ineludible para encontrar nuevas ideas y hacer crecer los negocios. Por cuarto a\u00f1o consecutivo, el Centro de Reempresa de Catalu\u00f1a particip\u00f3 en el Sal\u00f3n, celebrado los d\u00edas 5 y 6 de junio en el recinto ferial de Montjuic de la Feria de Barcelona. Durante los dos d\u00edas de sal\u00f3n, los consultores de Reempresa estuvieron a disposici\u00f3n de los visitantes para poder informar de las actividades que se hab\u00edan preparado en el marco del sal\u00f3n, as\u00ed como de los servicios y oportunidades que ofrece el Centro de Reempresa de Catalu\u00f1a.<\/p>\n<p align=\"justify\" style=\"text-align: left;\">Pod\u00e9is consultar las im\u00e1genes del BizBarcelona 2013 <a href=\"https:\/\/www.flickr.com\/photos\/patronalcecot\/sets\/72157633984876866\" target=\"_self\" rel=\"noopener\">aqu\u00ed<\/a>.<\/p>\n<p align=\"justify\" style=\"text-align: left;\"><strong>Actividades 2013:<\/strong><\/p>\n<p align=\"justify\" style=\"text-align: left;\"><strong>1. Teambuilding<\/strong><br \/>Por primera vez, se celebr\u00f3 la sesi\u00f3n interna de Teambuilding con los t\u00e9cnicos del servicio. Una actividad que sirvi\u00f3 para facilitar el conocimiento entre el equipo, as\u00ed como para poner en com\u00fan criterios, mejoras y valores en la metodolog\u00eda y en el proceso de Reempresa. Durante esta sesi\u00f3n, Albert Colomer, Director del Centro, agradeci\u00f3 el esfuerzo que hizo posible que se hubiera conseguido el balance de \u201c100 reempresas de \u00e9xito. El encuentro sirvi\u00f3 para tirar un nuevo reto al equipo para los pr\u00f3ximos a\u00f1os; el de llegar al objetivo de salvar 1000 empresas. As\u00ed, se daba el pistoletazo de salida a la campa\u00f1a \u201c#salvem1000empreses\u201d.<\/p>\n<p align=\"justify\" style=\"text-align: left;\"><strong>2. Matchings Reempresa<\/strong><br \/>Por segundo a\u00f1o consecutivo, se celebr\u00f3 la actividad de networking \u201cMatchings Reempresa\u201d, que permite celebrar entrevistas de 30 minutos entre cedentes y reemprendedores y evaluar as\u00ed el inter\u00e9s de iniciar un proceso de transmisi\u00f3n.<\/p>\n<p align=\"justify\" style=\"text-align: left;\"><strong>3. Conferencia: \u00bfCu\u00e1nto vale mi empresa?<\/strong><br \/>Determinar el valor de una empresa es uno de los aspectos claves para preparar su transmisi\u00f3n. Por este motivo, se crey\u00f3 conveniente impartir esta c\u00e1psula formativa, para t\u00e9cnicos, emprendedores y empresarios, de la mano de un reconocido experto en la materia, el profesor Oriol Amat.<br \/>Pod\u00e9is ver el video completo <a href=\"https:\/\/www.youtube.com\/watch?v=5lPgZ9ZNa9E\" target=\"_self\" rel=\"noopener\">aqu\u00ed<\/a>.<br \/>Pod\u00e9is ver un video resumen <a href=\"https:\/\/www.youtube.com\/watch?v=5lPgZ9ZNa9E\" target=\"_self\" rel=\"noopener\">aqu\u00ed<\/a>.<br \/>Pod\u00e9is consultar las diapositivas de la presentaci\u00f3n <a href=\"http:\/\/www.slideshare.net\/reempresa\/reempresa-valoraci-d-empreses-biz-bcnoriol-amat\" target=\"_self\" rel=\"noopener\">aqu\u00ed<\/a>.<\/p>\n<p align=\"justify\" style=\"text-align: left;\"><strong>4. Conferencia: Entrepreneurship 2020 Action Plan<\/strong><br \/>La transmisi\u00f3n de empresas es al segundo pilar de la pol\u00edtica de fomento del emprendimiento de la Comisi\u00f3n Europea de cara al 2020. Bajo este contexto, Antoni Abad y Albert Colomer presentaron la Reempresa como un nuevo modelo de emprendimiento muy conocido al resto de pa\u00edses de la Uni\u00f3n Europea y que se presenta, para los pr\u00f3ximos a\u00f1os, como una alternativa clara a la creaci\u00f3n de empresas y como una soluci\u00f3n a la elevada tasa de mortalidad empresarial y de paro.<\/p>\n<p style=\"text-align: left;\">\n<p>[\/et_pb_text][\/et_pb_column][\/et_pb_row][\/et_pb_section]<\/p>\n","protected":false},"excerpt":{"rendered":"<p>BizBarcelona convierte Barcelona en la capital del emprendimiento y en al cita ineludible para encontrar nuevas ideas y hacer crecer los negocios. Por cuarto a\u00f1o consecutivo, el Centro de Reempresa de Catalu\u00f1a particip\u00f3 en el Sal\u00f3n, celebrado los d\u00edas 5 y 6 de junio en el recinto ferial de Montjuic de la Feria de Barcelona. [&hellip;]<\/p>\n","protected":false},"author":2,"featured_media":0,"parent":18110,"menu_order":0,"comment_status":"closed","ping_status":"closed","template":"","meta":{"_et_pb_use_builder":"on","_et_pb_old_content":"","_et_gb_content_width":"","footnotes":""},"categoria":[],"actualitat":[],"class_list":["post-18532","page","type-page","status-publish","hentry"],"_links":{"self":[{"href":"https:\/\/reempresa.org\/es\/wp-json\/wp\/v2\/pages\/18532","targetHints":{"allow":["GET"]}}],"collection":[{"href":"https:\/\/reempresa.org\/es\/wp-json\/wp\/v2\/pages"}],"about":[{"href":"https:\/\/reempresa.org\/es\/wp-json\/wp\/v2\/types\/page"}],"author":[{"embeddable":true,"href":"https:\/\/reempresa.org\/es\/wp-json\/wp\/v2\/users\/2"}],"replies":[{"embeddable":true,"href":"https:\/\/reempresa.org\/es\/wp-json\/wp\/v2\/comments?post=18532"}],"version-history":[{"count":4,"href":"https:\/\/reempresa.org\/es\/wp-json\/wp\/v2\/pages\/18532\/revisions"}],"predecessor-version":[{"id":19370,"href":"https:\/\/reempresa.org\/es\/wp-json\/wp\/v2\/pages\/18532\/revisions\/19370"}],"up":[{"embeddable":true,"href":"https:\/\/reempresa.org\/es\/wp-json\/wp\/v2\/pages\/18110"}],"wp:attachment":[{"href":"https:\/\/reempresa.org\/es\/wp-json\/wp\/v2\/media?parent=18532"}],"wp:term":[{"taxonomy":"categoria","embeddable":true,"href":"https:\/\/reempresa.org\/es\/wp-json\/wp\/v2\/categoria?post=18532"},{"taxonomy":"actualitat","embeddable":true,"href":"https:\/\/reempresa.org\/es\/wp-json\/wp\/v2\/actualitat?post=18532"}],"curies":[{"name":"wp","href":"https:\/\/api.w.org\/{rel}","templated":true}]}}

<p>[et_pb_section fb_built=»1&#8243; _builder_version=»4.27.0&#8243; _module_preset=»default» background_image=»https://provareempresa.org/wp-content/uploads/2024/10/BizBarcelona-2013.png» custom_padding=»200px||200px||false|false» da_disable_devices=»off|off|off» global_colors_info=»{}» da_is_popup=»off» da_exit_intent=»off» da_has_close=»on» da_alt_close=»off» da_dark_close=»off» da_not_modal=»on» da_is_singular=»off» da_with_loader=»off» da_has_shadow=»on»][/et_pb_section][et_pb_section fb_built=»1&#8243; _builder_version=»4.27.0&#8243; _module_preset=»default» da_disable_devices=»off|off|off» global_colors_info=»{}» da_is_popup=»off» da_exit_intent=»off» da_has_close=»on» da_alt_close=»off» da_dark_close=»off» da_not_modal=»on» da_is_singular=»off» da_with_loader=»off» da_has_shadow=»on»][et_pb_row column_structure=»1_2,1_2&#8243; _builder_version=»4.27.0&#8243; _module_preset=»default» global_colors_info=»{}»][et_pb_column type=»1_2&#8243; _builder_version=»4.27.0&#8243; _module_preset=»default» global_colors_info=»{}»][et_pb_heading title=»BizBarcelona 2013&#8243; _builder_version=»4.27.0&#8243; _module_preset=»default» title_font_size=»38px» global_colors_info=»{}»][/et_pb_heading][/et_pb_column][et_pb_column type=»1_2&#8243; _builder_version=»4.27.0&#8243; _module_preset=»default» global_colors_info=»{}»][et_pb_text _builder_version=»4.27.0&#8243; _module_preset=»default» text_font_size=»20px» global_colors_info=»{}»]</p>
<p align="justify" style="text-align: left;">BizBarcelona convierte Barcelona en la capital del emprendimiento y en al cita ineludible para encontrar nuevas ideas y hacer crecer los negocios. Por cuarto año consecutivo, el Centro de Reempresa de Cataluña participó en el Salón, celebrado los días 5 y 6 de junio en el recinto ferial de Montjuic de la Feria de Barcelona. Durante los dos días de salón, los consultores de Reempresa estuvieron a disposición de los visitantes para poder informar de las actividades que se habían preparado en el marco del salón, así como de los servicios y oportunidades que ofrece el Centro de Reempresa de Cataluña.</p>
<p align="justify" style="text-align: left;">Podéis consultar las imágenes del BizBarcelona 2013 <a href="https://www.flickr.com/photos/patronalcecot/sets/72157633984876866" target="_self" rel="noopener">aquí</a>.</p>
<p align="justify" style="text-align: left;"><strong>Actividades 2013:</strong></p>
<p align="justify" style="text-align: left;"><strong>1. Teambuilding</strong><br />Por primera vez, se celebró la sesión interna de Teambuilding con los técnicos del servicio. Una actividad que sirvió para facilitar el conocimiento entre el equipo, así como para poner en común criterios, mejoras y valores en la metodología y en el proceso de Reempresa. Durante esta sesión, Albert Colomer, Director del Centro, agradeció el esfuerzo que hizo posible que se hubiera conseguido el balance de “100 reempresas de éxito. El encuentro sirvió para tirar un nuevo reto al equipo para los próximos años; el de llegar al objetivo de salvar 1000 empresas. Así, se daba el pistoletazo de salida a la campaña “#salvem1000empreses”.</p>
<p align="justify" style="text-align: left;"><strong>2. Matchings Reempresa</strong><br />Por segundo año consecutivo, se celebró la actividad de networking “Matchings Reempresa”, que permite celebrar entrevistas de 30 minutos entre cedentes y reemprendedores y evaluar así el interés de iniciar un proceso de transmisión.</p>
<p align="justify" style="text-align: left;"><strong>3. Conferencia: ¿Cuánto vale mi empresa?</strong><br />Determinar el valor de una empresa es uno de los aspectos claves para preparar su transmisión. Por este motivo, se creyó conveniente impartir esta cápsula formativa, para técnicos, emprendedores y empresarios, de la mano de un reconocido experto en la materia, el profesor Oriol Amat.<br />Podéis ver el video completo <a href="https://www.youtube.com/watch?v=5lPgZ9ZNa9E" target="_self" rel="noopener">aquí</a>.<br />Podéis ver un video resumen <a href="https://www.youtube.com/watch?v=5lPgZ9ZNa9E" target="_self" rel="noopener">aquí</a>.<br />Podéis consultar las diapositivas de la presentación <a href="http://www.slideshare.net/reempresa/reempresa-valoraci-d-empreses-biz-bcnoriol-amat" target="_self" rel="noopener">aquí</a>.</p>
<p align="justify" style="text-align: left;"><strong>4. Conferencia: Entrepreneurship 2020 Action Plan</strong><br />La transmisión de empresas es al segundo pilar de la política de fomento del emprendimiento de la Comisión Europea de cara al 2020. Bajo este contexto, Antoni Abad y Albert Colomer presentaron la Reempresa como un nuevo modelo de emprendimiento muy conocido al resto de países de la Unión Europea y que se presenta, para los próximos años, como una alternativa clara a la creación de empresas y como una solución a la elevada tasa de mortalidad empresarial y de paro.</p>
<p style="text-align: left;">
<p>[/et_pb_text][/et_pb_column][/et_pb_row][/et_pb_section]</p>

<p>BizBarcelona convierte Barcelona en la capital del emprendimiento y en al cita ineludible para encontrar nuevas ideas y hacer crecer los negocios. Por cuarto año consecutivo, el Centro de Reempresa de Cataluña participó en el Salón, celebrado los días 5 y 6 de junio en el recinto ferial de Montjuic de la Feria de Barcelona. [&hellip;]</p>
