{"id":18509,"date":"2024-10-17T13:18:12","date_gmt":"2024-10-17T13:18:12","guid":{"rendered":"https:\/\/reempresa.org\/reempresa\/bizbarcelona\/bizbarcelona-2017\/"},"modified":"2025-04-07T11:29:59","modified_gmt":"2025-04-07T11:29:59","slug":"bizbarcelona-2017","status":"publish","type":"page","link":"https:\/\/reempresa.org\/es\/reempresa\/bizbarcelona\/bizbarcelona-2017\/","title":{"rendered":"BizBarcelona 2017"},"content":{"rendered":"<p>[et_pb_section fb_built=\u00bb1&#8243; _builder_version=\u00bb4.27.0&#8243; _module_preset=\u00bbdefault\u00bb background_image=\u00bbhttps:\/\/provareempresa.org\/wp-content\/uploads\/2024\/10\/BizBarcelona-2017.png\u00bb custom_padding=\u00bb200px||200px||false|false\u00bb global_colors_info=\u00bb{}\u00bb da_is_popup=\u00bboff\u00bb da_exit_intent=\u00bboff\u00bb da_has_close=\u00bbon\u00bb da_alt_close=\u00bboff\u00bb da_dark_close=\u00bboff\u00bb da_not_modal=\u00bbon\u00bb da_is_singular=\u00bboff\u00bb da_with_loader=\u00bboff\u00bb da_has_shadow=\u00bbon\u00bb da_disable_devices=\u00bboff|off|off\u00bb][\/et_pb_section][et_pb_section fb_built=\u00bb1&#8243; _builder_version=\u00bb4.27.0&#8243; _module_preset=\u00bbdefault\u00bb global_colors_info=\u00bb{}\u00bb da_is_popup=\u00bboff\u00bb da_exit_intent=\u00bboff\u00bb da_has_close=\u00bbon\u00bb da_alt_close=\u00bboff\u00bb da_dark_close=\u00bboff\u00bb da_not_modal=\u00bbon\u00bb da_is_singular=\u00bboff\u00bb da_with_loader=\u00bboff\u00bb da_has_shadow=\u00bbon\u00bb da_disable_devices=\u00bboff|off|off\u00bb][et_pb_row column_structure=\u00bb1_2,1_2&#8243; _builder_version=\u00bb4.27.0&#8243; _module_preset=\u00bbdefault\u00bb global_colors_info=\u00bb{}\u00bb][et_pb_column type=\u00bb1_2&#8243; _builder_version=\u00bb4.27.0&#8243; _module_preset=\u00bbdefault\u00bb global_colors_info=\u00bb{}\u00bb][et_pb_heading title=\u00bbBizBarcelona 2017&#8243; _builder_version=\u00bb4.27.0&#8243; _module_preset=\u00bbdefault\u00bb title_font_size=\u00bb38px\u00bb global_colors_info=\u00bb{}\u00bb][\/et_pb_heading][\/et_pb_column][et_pb_column type=\u00bb1_2&#8243; _builder_version=\u00bb4.27.0&#8243; _module_preset=\u00bbdefault\u00bb global_colors_info=\u00bb{}\u00bb][et_pb_text _builder_version=\u00bb4.27.0&#8243; _module_preset=\u00bbdefault\u00bb text_font_size=\u00bb20px\u00bb global_colors_info=\u00bb{}\u00bb]<\/p>\n<p>El Centro de Reempresa de Catalu\u00f1a participa activamente en este sal\u00f3n desde el 2012 mediante un programa de conferencias y un espacio de encuentros llamado Matchings Reempresa, en el que este a\u00f1o se han concertado m\u00e1s de 130 entrevistas de reemprendedores con <a href=\"http:\/\/matchings.reempresa.org\/\" target=\"_self\" rel=\"noopener\">30 empresas cedentes<\/a> de diferentes sectores y poblaciones catalanas. \u201cEs una media de m\u00e1s de 4 entrevistas por empresa que busca una persona que le d\u00e9 continuidad ante la pr\u00f3xima jubilaci\u00f3n del actual propietario\u201d, afirma Oriol Alba, coordinador del Centro de Reempresa de Catalu\u00f1a.<\/p>\n<p>La experiencia de las ediciones anteriores de esta actividad hace prever que un tercio de las empresas que han participado al Matchings Reempresa de este a\u00f1o acabar\u00e1 cedi\u00e9ndose a uno de los reemprendedores con quienes se han reunido en el marco del BizBarcelona. El resto lo har\u00e1 por la v\u00eda habitual gestionada por los t\u00e9cnicos de los <a href=\"http:\/\/www.reempresa.org\/La-Reempresa\/Punts-d-atencio\" target=\"_self\" rel=\"noopener\">m\u00e1s de ochenta puntos<\/a> de atenci\u00f3n que dispone Reempresa en Catalu\u00f1a.<\/p>\n<p>Para corroborar el \u00e9xito de esta actividad, durante las conferencias organizadas por Reempresa durante los dos d\u00edas del sal\u00f3n, han participado como testimoniales cedentes y reemprendedores de empresas que se conocieron en el Matchings Reempresa del 2016 y que, finalmente, realizaron la operaci\u00f3n de reempresa con \u00e9xito, as\u00ed como otros testigos que han vivido un proceso de este tipo y que pueden dar respuesta, desde su propia experiencia, a las dudas y consultas de los asistentes.<\/p>\n<p>Durante el primer d\u00eda del sal\u00f3n, Reempresa ha organizado un total de 4 conferencias con un gran nivel de asistencia entre las que destacan la de <strong>Fina Alemany<\/strong>, profesora del Departamento de Econom\u00eda y Empresa de la UPF que ha hablado del valor de las empresas, como valorarlas y saber de que depende su valor y la que ofrecieron <strong>Antoni Abad<\/strong>, presidente del Centro de Reempresa, <strong>Albert Colomer<\/strong>, director del programa y <strong>Jordi Nicolau<\/strong>, director territorial de Barcelona de CaixaBank sobre las m\u00faltiples opciones de financiaci\u00f3n en la compra de una empresa a trav\u00e9s de testimoniales y sus experiencias.<\/p>\n<p>Durante el primer d\u00eda del sal\u00f3n tambi\u00e9n tuvo lugar una actividad de teambuilding con los m\u00e1s de 100 t\u00e9cnicos y colaboradores del programa, venidos de todo Catalu\u00f1a. Ha estado en este encuentro anual que <strong>Albert Colomer<\/strong>, director del Centro de Reempresa de Catalu\u00f1a, ha tirado un nuevo objetivo para el equipo de trabajo <strong> \u201ceste primer semestre estamos llegando a una media de una operaci\u00f3n de Reempresa de \u00e9xito en el d\u00eda\u201d. <\/strong><\/p>\n<p><strong>Colomer<\/strong><strong> <\/strong>tambi\u00e9n ha destacado<strong> \u201cel inter\u00e9s que han generado las diferentes conferencias entre el p\u00fablico asistente\u201d que, en la mayor\u00eda de los casos, \u201cha llenado la sala de conferencias\u201d<\/strong><strong> <\/strong>de Reempresa situada al Palacio 2 del recinto de Montjuic de Feria de Barcelona.<strong> <\/strong><strong> <\/strong>Otro de los indicadores importante para el Centro de Reempresa de Catalu\u00f1a es que cada vez son m\u00e1s los colaboradores que se suman al proyecto y que cuenta con la implicaci\u00f3n de las Diputaciones de Barcelona, Girona, Tarragona, GLOBALleida, de la Generalitat de Catalu\u00f1a, el ZOCO, Barcelona Activa y CaixaBank.<\/p>\n<p>El segundo d\u00eda de BizBarcelona el equipo de Reempresa se concentr\u00f3 en el <strong>espacio del Matchings<\/strong>, una actividad pensada para acercar a cedentes, que quieren vender su negocio, y a reemprendedores dispuestos a dar continuidad a una empresa que ya est\u00e1 en funcionamiento. Esta actividad genera cada a\u00f1o m\u00e1s de 130 contactos en el marco del BizBarcelona y es ya uno de los actos m\u00e1s consolidados del sal\u00f3n.<\/p>\n<p><strong>Informaci\u00f3n corporativa<\/strong><\/p>\n<p>Esta iniciativa pionera en el estado espa\u00f1ol, se puso en marcha el junio del a\u00f1o 2011 de la mano de la patronal catalana Cecot, de la Fundaci\u00f3n Cp\u2019*Ac con el apoyo del Departamento de Econom\u00eda y Conocimiento y est\u00e1 financiado por la Generalitat de Catalu\u00f1a y el fondo FEDER europeo. El a\u00f1o 2012, un convenio con la Diputaci\u00f3n de Barcelona hizo posible que Reempresa llegara durante este a\u00f1o a diferentes ayuntamientos de la provincia de Barcelona mediante las \u00e1reas de promoci\u00f3n econ\u00f3mica y los t\u00e9cnicos y expertos que trabajan en ellas. Posteriormente se a\u00f1adieron las Diputaciones de Tarragona y de Girona que hicieron posible que Reempresa tambi\u00e9n fuera presente entre los servicios ofrecidos por los ayuntamientos y consejos comarcales de ambas provincias. Este 2017 ha estado GLOBALleida quien se ha incorporado en la red de colaboradores del programa. Con esta incorporaci\u00f3n, los cedentes y reemprendedores de las tierras de Lleida disponen de un punto de atenci\u00f3n del programa a las sedes de los diferentes consejos comarcales de la demarcaci\u00f3n.<\/p>\n<p>Reempresa es un modelo de emprendimiento y de crecimiento empresarial, por el cual un nuevo emprendedor \u2013 reemprendedor &#8211; toma el testigo en la gesti\u00f3n de una empresa ya existente, compr\u00e1ndola en su totalidad para continuar la actividad, salvaguardando de este modo el patrimonio empresarial individual y colectivo, para hacerla crecer, sin tener que pasar por la fase de crearla.<\/p>\n<p>El mecanismo posibilita la compra de los activos y pasivos de una empresa existente a su anterior propietario o propietarios- cedentes- manteniendo la actividad, los puestos de trabajo y el ritmo de funcionamiento habitual sin trabas por el entorno empresarial pr\u00f3ximo.<\/p>\n<p>El reemprendedor aporta a la empresa una renovadora l\u00ednea de actuaci\u00f3n y los medios necesarios por la mejora y reorientaci\u00f3n del negocio, que parte de una situaci\u00f3n mejor objetivamente que la de la posible creaci\u00f3n de nuevo.<\/p>\n<p>Este relevo <strong> evita la p\u00e9rdida de capital econ\u00f3mico y de conocimiento especializado<\/strong>, adem\u00e1s de tantos activos intangibles, como los contactos o la posici\u00f3n de mercado, incluidos los h\u00e1bitos de compra de los clientes, que llevan a la devaluaci\u00f3n de los activos tangibles. Evita tambi\u00e9n la desaparici\u00f3n de puestos de trabajo y la disminuci\u00f3n del crecimiento econ\u00f3mico, factores que, hoy todav\u00eda m\u00e1s, conviene proteger y fomentar.<\/p>\n<p>[\/et_pb_text][\/et_pb_column][\/et_pb_row][\/et_pb_section]<\/p>\n","protected":false},"excerpt":{"rendered":"<p>El Centro de Reempresa de Catalu\u00f1a participa activamente en este sal\u00f3n desde el 2012 mediante un programa de conferencias y un espacio de encuentros llamado Matchings Reempresa, en el que este a\u00f1o se han concertado m\u00e1s de 130 entrevistas de reemprendedores con 30 empresas cedentes de diferentes sectores y poblaciones catalanas. \u201cEs una media de [&hellip;]<\/p>\n","protected":false},"author":2,"featured_media":0,"parent":18110,"menu_order":0,"comment_status":"closed","ping_status":"closed","template":"","meta":{"_et_pb_use_builder":"on","_et_pb_old_content":"","_et_gb_content_width":"","footnotes":""},"categoria":[],"actualitat":[],"class_list":["post-18509","page","type-page","status-publish","hentry"],"_links":{"self":[{"href":"https:\/\/reempresa.org\/es\/wp-json\/wp\/v2\/pages\/18509","targetHints":{"allow":["GET"]}}],"collection":[{"href":"https:\/\/reempresa.org\/es\/wp-json\/wp\/v2\/pages"}],"about":[{"href":"https:\/\/reempresa.org\/es\/wp-json\/wp\/v2\/types\/page"}],"author":[{"embeddable":true,"href":"https:\/\/reempresa.org\/es\/wp-json\/wp\/v2\/users\/2"}],"replies":[{"embeddable":true,"href":"https:\/\/reempresa.org\/es\/wp-json\/wp\/v2\/comments?post=18509"}],"version-history":[{"count":3,"href":"https:\/\/reempresa.org\/es\/wp-json\/wp\/v2\/pages\/18509\/revisions"}],"predecessor-version":[{"id":18542,"href":"https:\/\/reempresa.org\/es\/wp-json\/wp\/v2\/pages\/18509\/revisions\/18542"}],"up":[{"embeddable":true,"href":"https:\/\/reempresa.org\/es\/wp-json\/wp\/v2\/pages\/18110"}],"wp:attachment":[{"href":"https:\/\/reempresa.org\/es\/wp-json\/wp\/v2\/media?parent=18509"}],"wp:term":[{"taxonomy":"categoria","embeddable":true,"href":"https:\/\/reempresa.org\/es\/wp-json\/wp\/v2\/categoria?post=18509"},{"taxonomy":"actualitat","embeddable":true,"href":"https:\/\/reempresa.org\/es\/wp-json\/wp\/v2\/actualitat?post=18509"}],"curies":[{"name":"wp","href":"https:\/\/api.w.org\/{rel}","templated":true}]}}

<p>[et_pb_section fb_built=»1&#8243; _builder_version=»4.27.0&#8243; _module_preset=»default» background_image=»https://provareempresa.org/wp-content/uploads/2024/10/BizBarcelona-2017.png» custom_padding=»200px||200px||false|false» global_colors_info=»{}» da_is_popup=»off» da_exit_intent=»off» da_has_close=»on» da_alt_close=»off» da_dark_close=»off» da_not_modal=»on» da_is_singular=»off» da_with_loader=»off» da_has_shadow=»on» da_disable_devices=»off|off|off»][/et_pb_section][et_pb_section fb_built=»1&#8243; _builder_version=»4.27.0&#8243; _module_preset=»default» global_colors_info=»{}» da_is_popup=»off» da_exit_intent=»off» da_has_close=»on» da_alt_close=»off» da_dark_close=»off» da_not_modal=»on» da_is_singular=»off» da_with_loader=»off» da_has_shadow=»on» da_disable_devices=»off|off|off»][et_pb_row column_structure=»1_2,1_2&#8243; _builder_version=»4.27.0&#8243; _module_preset=»default» global_colors_info=»{}»][et_pb_column type=»1_2&#8243; _builder_version=»4.27.0&#8243; _module_preset=»default» global_colors_info=»{}»][et_pb_heading title=»BizBarcelona 2017&#8243; _builder_version=»4.27.0&#8243; _module_preset=»default» title_font_size=»38px» global_colors_info=»{}»][/et_pb_heading][/et_pb_column][et_pb_column type=»1_2&#8243; _builder_version=»4.27.0&#8243; _module_preset=»default» global_colors_info=»{}»][et_pb_text _builder_version=»4.27.0&#8243; _module_preset=»default» text_font_size=»20px» global_colors_info=»{}»]</p>
<p>El Centro de Reempresa de Cataluña participa activamente en este salón desde el 2012 mediante un programa de conferencias y un espacio de encuentros llamado Matchings Reempresa, en el que este año se han concertado más de 130 entrevistas de reemprendedores con <a href="http://matchings.reempresa.org/" target="_self" rel="noopener">30 empresas cedentes</a> de diferentes sectores y poblaciones catalanas. “Es una media de más de 4 entrevistas por empresa que busca una persona que le dé continuidad ante la próxima jubilación del actual propietario”, afirma Oriol Alba, coordinador del Centro de Reempresa de Cataluña.</p>
<p>La experiencia de las ediciones anteriores de esta actividad hace prever que un tercio de las empresas que han participado al Matchings Reempresa de este año acabará cediéndose a uno de los reemprendedores con quienes se han reunido en el marco del BizBarcelona. El resto lo hará por la vía habitual gestionada por los técnicos de los <a href="http://www.reempresa.org/La-Reempresa/Punts-d-atencio" target="_self" rel="noopener">más de ochenta puntos</a> de atención que dispone Reempresa en Cataluña.</p>
<p>Para corroborar el éxito de esta actividad, durante las conferencias organizadas por Reempresa durante los dos días del salón, han participado como testimoniales cedentes y reemprendedores de empresas que se conocieron en el Matchings Reempresa del 2016 y que, finalmente, realizaron la operación de reempresa con éxito, así como otros testigos que han vivido un proceso de este tipo y que pueden dar respuesta, desde su propia experiencia, a las dudas y consultas de los asistentes.</p>
<p>Durante el primer día del salón, Reempresa ha organizado un total de 4 conferencias con un gran nivel de asistencia entre las que destacan la de <strong>Fina Alemany</strong>, profesora del Departamento de Economía y Empresa de la UPF que ha hablado del valor de las empresas, como valorarlas y saber de que depende su valor y la que ofrecieron <strong>Antoni Abad</strong>, presidente del Centro de Reempresa, <strong>Albert Colomer</strong>, director del programa y <strong>Jordi Nicolau</strong>, director territorial de Barcelona de CaixaBank sobre las múltiples opciones de financiación en la compra de una empresa a través de testimoniales y sus experiencias.</p>
<p>Durante el primer día del salón también tuvo lugar una actividad de teambuilding con los más de 100 técnicos y colaboradores del programa, venidos de todo Cataluña. Ha estado en este encuentro anual que <strong>Albert Colomer</strong>, director del Centro de Reempresa de Cataluña, ha tirado un nuevo objetivo para el equipo de trabajo <strong> “este primer semestre estamos llegando a una media de una operación de Reempresa de éxito en el día”. </strong></p>
<p><strong>Colomer</strong><strong> </strong>también ha destacado<strong> “el interés que han generado las diferentes conferencias entre el público asistente” que, en la mayoría de los casos, “ha llenado la sala de conferencias”</strong><strong> </strong>de Reempresa situada al Palacio 2 del recinto de Montjuic de Feria de Barcelona.<strong> </strong><strong> </strong>Otro de los indicadores importante para el Centro de Reempresa de Cataluña es que cada vez son más los colaboradores que se suman al proyecto y que cuenta con la implicación de las Diputaciones de Barcelona, Girona, Tarragona, GLOBALleida, de la Generalitat de Cataluña, el ZOCO, Barcelona Activa y CaixaBank.</p>
<p>El segundo día de BizBarcelona el equipo de Reempresa se concentró en el <strong>espacio del Matchings</strong>, una actividad pensada para acercar a cedentes, que quieren vender su negocio, y a reemprendedores dispuestos a dar continuidad a una empresa que ya está en funcionamiento. Esta actividad genera cada año más de 130 contactos en el marco del BizBarcelona y es ya uno de los actos más consolidados del salón.</p>
<p><strong>Información corporativa</strong></p>
<p>Esta iniciativa pionera en el estado español, se puso en marcha el junio del año 2011 de la mano de la patronal catalana Cecot, de la Fundación Cp’*Ac con el apoyo del Departamento de Economía y Conocimiento y está financiado por la Generalitat de Cataluña y el fondo FEDER europeo. El año 2012, un convenio con la Diputación de Barcelona hizo posible que Reempresa llegara durante este año a diferentes ayuntamientos de la provincia de Barcelona mediante las áreas de promoción económica y los técnicos y expertos que trabajan en ellas. Posteriormente se añadieron las Diputaciones de Tarragona y de Girona que hicieron posible que Reempresa también fuera presente entre los servicios ofrecidos por los ayuntamientos y consejos comarcales de ambas provincias. Este 2017 ha estado GLOBALleida quien se ha incorporado en la red de colaboradores del programa. Con esta incorporación, los cedentes y reemprendedores de las tierras de Lleida disponen de un punto de atención del programa a las sedes de los diferentes consejos comarcales de la demarcación.</p>
<p>Reempresa es un modelo de emprendimiento y de crecimiento empresarial, por el cual un nuevo emprendedor – reemprendedor &#8211; toma el testigo en la gestión de una empresa ya existente, comprándola en su totalidad para continuar la actividad, salvaguardando de este modo el patrimonio empresarial individual y colectivo, para hacerla crecer, sin tener que pasar por la fase de crearla.</p>
<p>El mecanismo posibilita la compra de los activos y pasivos de una empresa existente a su anterior propietario o propietarios- cedentes- manteniendo la actividad, los puestos de trabajo y el ritmo de funcionamiento habitual sin trabas por el entorno empresarial próximo.</p>
<p>El reemprendedor aporta a la empresa una renovadora línea de actuación y los medios necesarios por la mejora y reorientación del negocio, que parte de una situación mejor objetivamente que la de la posible creación de nuevo.</p>
<p>Este relevo <strong> evita la pérdida de capital económico y de conocimiento especializado</strong>, además de tantos activos intangibles, como los contactos o la posición de mercado, incluidos los hábitos de compra de los clientes, que llevan a la devaluación de los activos tangibles. Evita también la desaparición de puestos de trabajo y la disminución del crecimiento económico, factores que, hoy todavía más, conviene proteger y fomentar.</p>
<p>[/et_pb_text][/et_pb_column][/et_pb_row][/et_pb_section]</p>

<p>El Centro de Reempresa de Cataluña participa activamente en este salón desde el 2012 mediante un programa de conferencias y un espacio de encuentros llamado Matchings Reempresa, en el que este año se han concertado más de 130 entrevistas de reemprendedores con 30 empresas cedentes de diferentes sectores y poblaciones catalanas. “Es una media de [&hellip;]</p>
